1 + 42).
-17
Evaluate (5 - 37) + (-69 - -80).
-21
What is -10 + (10 - 22) + 0?
-22
Evaluate -45 - -34 - (0 - (3 + -2 + -11)).
-21
What is the value of (-21 - (-55 + -8)) + -75?
-33
Evaluate 16 - 11 - ((4 - 10) + 6).
5
Calculate -9 - (31 - 30 - ((12 - 4) + 5)).
3
What is (8 + 1 - 0) + (-279 - -273) - -3?
6
Evaluate 4 - ((-12 - 8) + 19).
5
(3 - 6) + 9 + -2 + -5
-1
Calculate -30 + 9 - (-50 - -25).
4
179 + -183 + (-13 - 0 - 0)
-17
What is the value of (-10 - -1) + (-11 + -12 - -20)?
-12
Calculate -6 - -26 - 44 - -26.
2
Calculate (-9 - (-7 - (9 + -9))) + 16.
14
What is (-21 - -6) + 6 - -15?
6
14 + (-78 - -20) + 17 + -11
-38
What is (-11 + 15 - 4) + 16 + -29?
-13
Calculate -9 + (-6 - 10) + (10 - 2).
-17
What is 10 + -7 + (19 - 22) - (2 - -29)?
-31
Evaluate -16 - 15 - (-31 + 1).
-1
Calculate (-3 - -1) + (-8 - 0 - -3).
-7
What is the value of 25 - -27 - (42 - 5)?
15
What is 1 + (18 - (-3 + 7 + 3 - 2))?
14
5 + -13 - 21 - (15 + -8 - 13)
-23
Evaluate (-38 - (4 - 7)) + -54 + 67.
-22
Calculate -6 - (6 - 27 - -25).
-10
What is -6 - (-16 + -1 - -14) - -2?
-1
What is the value of 116 - 103 - (23 + 2)?
-12
Calculate (6 - (7 - 28)) + -9 - 9.
9
What is the value of 12 - (16 - (-1 + 14))?
9
-5 - 1 - (-24 - -26)
-8
Calculate (-24 - -4 - -4) + 20.
4
3 - ((3 - 10) + 24 + -18)
4
What is 1 - (11 - 18) - 9?
-1
Evaluate 4 - (4 + (-2 - -8) + -6).
0
-8 + (3 - -9) - 4 - 8
-8
-3 - -2 - -15 - 41
-27
What is -87 + 54 + (13 - -20)?
0
What is the value of -1 + 18 + (45 - 42) + -8 + -2?
10
What is (-5 - (-3 + 2 - 2)) + -91 + 102?
9
(-3 - 5) + (-29 - (-16 - 5))
-16
4 + -2 - (-8 - 3 - -4 - -29)
-20
What is (13 + -4 - 5) + (0 - -1) + 5?
10
Calculate 16 + (24 + -1 - 50).
-11
-15 - (-6 - 18) - (-1 - -2)
8
194 - 230 - (-28 - -3)
-11
What is the value of 12 - 9 - (2 + -6 + 2 + -3)?
8
Calculate 40 + (-58 + 36 - (1 - 4)).
21
Evaluate -66 + 29 + -4 + 31.
-10
-32 - (-69 + -28 + 65)
0
(-2 + 4 - 14) + 5 + -2 + 0
-9
What is the value of -10 + 15 + (1 - 13) + -8?
-15
-8 - (-7 + 1) - (2 + -1)
-3
Evaluate 9 + (-6 - 3 - -4) - (0 + 1).
3
15 - (-4 + 10 + -2)
11
What is -32 + -4 + 2 - -13?
-21
(20 + -22 - (4 - 14)) + -8
0
Calculate (25 - 40) + 1 - -25.
11
What is the value of -1 + 0 + -9 + 108 + -67?
31
Evaluate 3 + (26 - 26) + -13 + 0.
-10
What is the value of (19 - ((0 - 2) + (-25 - -36))) + 12?
22
What is the value of 1 + 5 - (-4 + 1) - -3?
12
Evaluate (-3 - -7) + 263 + -272.
-5
What is -11 - -7 - ((4 - 1) + (1 - 20))?
12
Calculate 3 - 39 - -29 - (-26 + 1).
18
What is -11 + 25 - 8 - (2 + 0)?
4
What is (-11 - -9) + 0 + -3 + (3 - 0)?
-2
Calculate 6 + ((0 - 0) + -11 + -6 - -6).
-5
What is the value of (-506 - -533) + 0 + -7?
20
Evaluate -14 - ((-5 - (-5 + 3)) + -1).
-10
Calculate 3 - -3 - (-15 - (-29 - 7)).
-15
10 + -1 + 4 + 3
16
(-21 - (28 + -52)) + -1
2
Calculate 1 + -13 - (177 - 178).
-11
2 + (10 + -8 - (10 + -1))
-5
Calculate 10 + -25 - (42 - 67).
10
What is 9 + -23 + 35 + -10?
11
Evaluate -18 + -14 + -2 - -28.
-6
What is (0 - -4) + -2 + 11 + (-74 - -69)?
8
Calculate -19 + (-7 - -10) + 10.
-6
Calculate -5 - 0 - 4 - (-1 + -3 - -2).
-7
Calculate (-14 - 2 - -9 - 9) + 0 + -1.
-17
Calculate -4 + 10 + 4 - 0.
10
What is the value of -44 - (12 + 1 - (9 + 19))?
-29
What is 14 + 23 + -13 + -14?
10
Evaluate 92 - 92 - (3 + -3 + 22).
-22
What is (-3 - (1 - 4)) + (-6 + 4 - 16)?
-18
What is the value of -1 - (-4 - -1 - (-5 - (-2 + -1)))?
0
What is (49 - (13 + 8)) + -1 + 0 + 0?
27
What is the value of (-13 - -21) + -3 - 0?
5
Evaluate 11 - (10 + -3 + 3).
1
What is the value of 3 - (-15 + -24 + 15 + 9)?
18
Calculate -19 - (10 + -6 - 12).
-11
What is the value of 14 - (-3 + 25 + -8)?
0
(-22 - 1) + (6 - -11)
-6
Evaluate 8 - (9 + -14) - (3 - -2).
8
What is (-76 + 43 - -59) + -46?
-20
What is -21 + (-12 + 18 + 3 - (-1 + 3))?
-14
Calculate -9 + (-6 - -2) - -34.
21
(0 + 9 - (9 - 1)) + (15 - 3)
13
What is the value of -2 - (9 - (-1 - (-9 - -24)))?
-27
Evaluate -6 + (-15 - (-3 - -3)) + 8.
-13
(-5 - -2) + -5 - (15 + 4 - 17)
-10
Evaluate (4 - (5 + (2 - 5))) + (-2 - -3).
3
Evaluate 86 - 24 - 18 - 32.
12
What is the value of -1 + 8 - (-13 - -14 - (-7 + 0))?
-1
Calculate -32 - (-21 - 1) - ((1 - -1) + -2).
-10
Calculate 120 + -122 + 1 + 1 + -4.
-4
-127 - -117 - (-2 - 13)
5
(12 + -32 - 0) + 32
12
Evaluate (2 - ((18 - 19) + -1 + 3)) + -30.
-29
What is the value of (21 + -3 - 5) + (5 - (12 - 7))?
13
Calculate -54 + 69 + -7 - (3 - -5).
0
What is the value of 13 + (-10 - 7) + 14?
10
What is the value of (4 - (9 + -10)) + 2 + -3?
4
What is the value of 2 - 20 - (-140 + 125)?
-3
What is the value of 5 - 1 - (-9 - (22 - 50))?
-15
Evaluate -1 + (3 - 2) + 10 - 18.
-8
Evaluate -10 + (-4 + -8 - -50).
28
Calculate 3 + -6 + 9 - ((1 - 3) + -9).
17
What is 22 + -37 + 2 + 11 + -11?
-13
(0 - -21) + (3 - 1 - 22)
1
Calculate 0 - (3 + (-6 - 4) - -6) - 4.
-3
What is (24 - (14 + (-23 - -22))) + -37 + 1?
-25
What is the value of -8 - (4 + -7) - -8 - -6?
9
What is the value of 7 + 4 + (18 - (-7 - -17))?
19
Evaluate -3 + (-1 - (-3 - -3)) - (8 + -4).
-8
-4 + (-19 + 19 - -6)
2
Calculate -11 - (6 + -10 - 9).
2
Calculate 10 + -9 + 7 + 8 - (-3 - -10).
9
Calculate 12 - (-6 - (23 - 46)).
-5
What is (0 - -1) + -8 - (53 + -52) - 3?
-11
What is (-2 - -4) + (1 - 10)?
-7
Evaluate -6 + (12 - 4) - 0.
2
1 + (0 - 1 - (-16 - -2)) + -2
12
Calculate 9 + 1 + -2 - (-13 + (-7 - -43)).
-15
Calculate (149 - 139) + -18 + -1.
-9
3 - (13 - (-4 - -1) - -3)
-16
-7 - (-11 - (-26 + 15 + 11))
4
What is -33 - -26 - -32 - 33?
-8
What is the value of -50 + 9 - -35 - (-5 - -3)?
-4
What is (-84 - -105) + 8 + -67?
-38
4 + -31 + 20 - 19
-26
-2 - -20 - (-10 - (-9 + -2))
17
What is 12 + -6 + 4 + (7 - 26)?
-9
Evaluate -37 + 20 - (29 + -36).
-10
-11 - (29 + -6 - 43)
9
Evaluate 0 - (-10 + (-4 - -12)).
2
Calculate 3 - -3 - (-16 + 13).
9
What is -51 + 44 + 1 + -2 + -1?
-9
Evaluate -24 - (-67 + 71 - (19 + -4)).
-13
Evaluate 5 - (-15 + -29 + 43).
6
28 + (-10 - (-31 - -34))
15
Calculate (0 - 10) + 11 + 0 - -11.
12
(-15 + 15 - (-2 - 3)) + (9 - -4)
18
Calculate -8 - 18 - (-8 + -1) - (-1 - 11).
-5
0 + -3 + 2 + 156 + -166
-11
Evaluate -11 - (-2 + (-1 - 7) + 21).
-22
Calculate (23 - (54 - 16)) + 12.
-3
What is -15 - (138 + -130 - (-1 + 11))?
-13
What is -4 - (-3 - 2) - (0 + 4 + 3)?
-6
Calculate -285 - -285 - (2 - 4).
2
What is the value of (-263 - -271) + -19 + 0?
-11
24 + -13 + -2 + (-2 + 0 - 3)
4
What is (26 - 46) + (2 - -1) - 6?
-23
What is the value of (-37 - -12) + -13 + 10?
-28
What is -4 + (13 - (-7 - -5))?
11
What is the value of -14 + -3 - 9 - -12?
-14
Calculate 5 + (8 - ((3 - (-9 + 6)) + -2)).
9
Evaluate 14 + (31 - 10) - 25.
10
Calculate -30 - (48 + -23 + -50).
-5
What is (23 - 32 - (-2 + 1 + 2)) + 5?
-5
-1 + -5 + (-41 - -34) + 9
-4
2 + (5 - (-16 - -7)) + -2 + 2
16
1 + -4 + -10 + 12 + -4 + 9
4
What is the value of -4 + 1 - (9 + -20 - -12)?
-4
Evaluate 3 + -4 + -13 + 9 - 6.
-11
What is (-17 - -2) + -2 + 5 - (-32 + -3)?
23
Calculate 5 + -17 + 10 + 1 + 24 - 0.
23
Evaluate (2 - 1) + (8 - 12) + 8 + 10.
15
53 - 3 - (18 - (15 - 10))
37
What is the value of (4 - (-2 + -2)) + 9 + -9?
8
Calculate -66 + 61 - (-14 - -2).
7
What is 8 - ((-19 - (-16 - -4)) + 33 + -2)?
-16
Evaluate (-31 - -2) + -4 - -13.
-20
32 + -33 + (6 - 3)
2
Evaluate -5 + (-4 - -3) + 4 + 4 - -5.
7
What is (22 - 52 - -31) + (0 - 1 - 2)?
-2
Evaluate -9 + (-1 - (-33 - -16)) - (42 + 1).
-36
What is -16 + -3 + 9 + 1 - -18?
9
What is -2 + 1 + 11 + -84 + 87?
13
Evaluate 37 - (-13 - (-4 + 4 + -26)).
24
2 + -23 + 58 + -39
-2
What is -14 + 11 + (1 - (3 - 2)) + 23?
20
What is the value of 0 + -1 + -18 - (12 - 87 - -69)?
-13
Evaluate 26 - ((-6 - 6) + (17 - 9)).
30
(-1 + 3 + -6 - 5) + -1
-10
What is -8 - (28 - 34 - (-1 + -8) - 5)?
-6
Evaluate -19 - (25 - (-7 - -71)).
20
What is (28 - 30) + -4 + -2?
-8
12 + 1 - (50 + -57) - (3 - 2)
19
Evaluate 399 + -406 - (-22 - -1).
14
What is the value of (-2 - -5) + 123 + -107?
19
What is the value of 12 + -2 + (-30 - -15)?
-5
(-2 - (-8 - -13)) + 5
-2
-9 + -8 + 27 + -6
4
Evaluate -1 - 6 - (66 - 79).
6
What is the value of -2 + (38 - 8) + -9 - 5?
14
What is 3 + (-9 - -3) + 6 + -5 + 6?
4
Evaluate (-5 - (0 - (17 + -5))) + 8.
15
Calculate (3 - 6 - -4) + 7 + (0 - 2).
6
What is 308 + -296 + 0 + (1 - -7)?
20
-40 + 18 + 2 - (3 + -2 - -3)
-24
Evaluate (-9 - (9 - 4)) + 3 + (1 - -1).
-9
Evaluate (18 - -1) + (3 + -9 - 1).
